n - 28. Calculate the remainder when 70 is divided by o(c).
22
Suppose 2*f = 4*m - 2*m - 60, -2*m + 5*f = -75. Suppose -m = 18*q - 511. Calculate the remainder when q is divided by 10.
7
Let c(a) = -a**3 + 9*a**2 - 6*a - 11. Let b = -49 - -54. What is the remainder when c(b) is divided by 31?
28
Let v = 99 + -90. Suppose 3*p - 4*g = 151, 5*p + v - 284 = 2*g. Suppose -k - 33 = -p. Calculate the remainder when k is divided by 15.
9
Suppose -3*x + 3*c = -c - 920, 2*c = 2*x - 616. Calculate the remainder when 348 is divided by x.
36
Suppose 3*i - 20 = -s, -i + 18 = -4*s + 46. Suppose 7*d - 6*d = 5*v - 199, -5*v - 4*d + 179 = 0. What is the remainder when v is divided by s?
7
Let v = -204 + 210. Calculate the remainder when v/12 - 95/(-2) is divided by 14.
6
Calculate the remainder when 132 is divided by (1/12 - (-1566)/(-648))*-9.
6
Let y = 9246 - 8068. What is the remainder when y is divided by 390?
8
Let x = -136 - -150. Suppose -2*q + 102 = 4*p - 72, -5*p - q = -210. What is the remainder when p is divided by x?
13
Let n(f) = -28*f**3 + f**2 - 1. Let t(y) = -2*y + 21. Let u be t(12). Let l(a) = -3*a**3 - a**2 - 2*a + 4. What is the remainder when l(u) is divided by n(-1)?
26
Let j = -373 + 724. Let u be (-6)/(-27) + (-13)/(j/(-7770)). Suppose -4*n + 2*g = -u, n - 32 - 40 = -3*g. What is the remainder when n is divided by 19?
15
Let l(f) = 9 - 3*f + f + 6*f - 3*f. Calculate the remainder when 157 is divided by l(23).
29
Let a = 481 + -275. Suppose -7*w - 1565 - a = 0. Calculate the remainder when (-13363)/w + 4/22 is divided by 14.
11
Suppose -5*u + 5 = -15. Let l = 44 - 31. What is the remainder when 0 + u + (-111)/(-1) is divided by l?
11
What is the remainder when 535 is divided by 1266/(-2743)*(-440 + -2)?
127
What is the remainder when (-1294)/(((-2)/(-3))/((-120)/180)) is divided by 186?
178
Let t(v) = 42*v**2 - 18*v - 9 - 10*v + 23*v. What is the remainder when t(-2) is divided by 10?
9
Let d(m) = m**3 + 17*m**2 - 83*m - 328. What is the remainder when 2771 is divided by d(-20)?
131
Suppose -2*f = -3*w - 21, 0 = -4*f + 5*w + 23 + 20. Let x(r) = -r**2 + 17*r + 25. Let j be 3/7 + 2952/168. What is the remainder when f is divided by x(j)?
5
Let y = 225 + -66. What is the remainder when 793 is divided by y?
157
Let j(v) = -3*v**2 - 55*v + 18. Let d(h) = -15*h**3 - 2*h**2 + 4*h - 3. Let x be d(1). Calculate the remainder when j(x) is divided by 19.
16
Let q = -53 + 64. Suppose 216 = -q*a + 810. Let k = a - 36. What is the remainder when k is divided by 11?
7
Let v(f) = -3*f**3 + 8*f**2 - 69*f - 193. What is the remainder when v(-17) is divided by 28?
27
Let h = 9 + 8. Calculate the remainder when h is divided by ((-186)/217)/(-4 + 135/35).
5
Let p(c) = c**2 - 2*c - 8. Let h be p(-4). Let d be (-2)/(-4) + 8/h. Calculate the remainder when 12 is divided by -1 - d - (7 + -14).
2
Let u = 1 + 18. Let s be (-2)/(-8) + 4*u/16. Suppose -1 = s*o - 21. Calculate the remainder when 29 is divided by o.
1
Suppose v = 4*j - 2*v - 2040, -5*j - 3*v + 2523 = 0. What is the remainder when j is divided by (-306)/4*26/(-39)?
48
Let z be (-6)/15 + -3 + (-185)/(-25). Suppose -2*h + 58 = 2*w - 6*w, -z*h = -w - 88. Calculate the remainder when 1 + 0 + (-102)/(-1) is divided by h.
19
Let d = -37569 - -37580. What is the remainder when 40 is divided by d?
7
Let l(w) = -w**3 + 20*w**2 - 98*w + 29. Calculate the remainder when 19 is divided by l(12).
4
Let c(b) = 5*b - 61. Let h(u) = u - 15. Let p(k) = 2*c(k) - 9*h(k). Calculate the remainder when (-1 - 1)/2 - -15 is divided by p(-5).
6
Suppose 0 = 62*x - 61*x - 8. Suppose 0 = -4*w + x, 3*w + 0 = f - 8. What is the remainder when 150 is divided by f?
10
Let s(z) = 4*z**2 + 1112*z - 4446. Calculate the remainder when 259 is divided by s(4).
61
Let j = -3373 - -3404. Calculate the remainder when 58 is divided by j.
27
Let l(c) = 2*c**3 - 17*c**2 - 19 + 26*c**2 - c - 15*c**2. Calculate the remainder when l(5) is divided by 3.
1
Let o = -25498 - -25936. What is the remainder when o is divided by 277?
161
Calculate the remainder when 1515 is divided by (-29445)/(-135) - (-30)/(-27).
213
Suppose -2*d = -3*l + 7, 5*d - 4*l = 7*d - 28. Let u = 121 + -117. What is the remainder when u is divided by d?
0
Let b(w) = w**3 + 16*w**2 + 14*w - 1. Calculate the remainder when (-1)/(-3) + 15407/93 is divided by b(-15).
12
Suppose -4*z + 59 = -121. Let d(s) = s**3 + 7*s**2 - 2*s - 3. Let w(v) = v**2. Let m(h) = d(h) + 3*w(h). Calculate the remainder when m(-5) is divided by z.
42
Suppose -3*u = -5*p + 205 + 807, -206 = -p - 3*u. Suppose 0 = w + 4*w - 105. What is the remainder when (-12)/(-14) + 20938/p is divided by w?
20
Let d = 14332 - 2321. What is the remainder when d is divided by 143?
142
Suppose -1 + 17 = -4*z. Let y(x) = -x**3 + 3*x**2 + 3*x - 10. What is the remainder when y(z) is divided by -1 + 4 + (0 - -10)?
12
Suppose -247 = -5*l - q, -3*q - 2*q = -5*l + 265. Let u = -45 + l. Suppose 5*y - 96 = -0*n + 3*n, u*y - 108 = -n. What is the remainder when y is divided by 4?
1
Let p(a) = 13*a + 8. Let f be p(-1). Let w(x) = -x - 2. Let q(t) = -t**3 + 4*t**2 + 8*t - 7. What is the remainder when q(5) is divided by w(f)?
2
Let s be ((-24)/(-72))/((-1)/3). Calculate the remainder when 11292/42 - s/7 is divided by 45.
44
Let d(x) = 48*x**2 - 94*x + 94. Calculate the remainder when 1098 is divided by d(1).
42
Suppose 48*r - 3*b - 537 = 45*r, -4*r + b = -701. What is the remainder when 313 is divided by r?
139
Suppose 4*w = 2*r - 86, -4*w = 2*r - 74 + 28. Let d = -4967 + 5061. Calculate the remainder when d is divided by r.
28
Let c = -1796 + 2422. Calculate the remainder when c is divided by 52.
2
Let s(n) = 51*n**3 - n + 1. Suppose -5 = 64*h - 69*h. What is the remainder when 151 is divided by s(h)?
49
What is the remainder when 205 is divided by (5 + (-42)/6)/((-20)/210)?
16
Let s(g) = 39*g**2 - 1. Let a(y) = -y**3 + 16*y**2 + 16*y + 22. Let d be a(17). Suppose 40 = -0*p + d*p. Calculate the remainder when s(-1) is divided by p.
6
Let n(b) = b**2 - 64*b - 348. What is the remainder when 508 is divided by n(-6)?
4
Let v(y) = -y**3 - 8*y**2 + 8*y + 20. Let b be v(-8). Suppose 4*f - 55 - 33 = 0. What is the remainder when f is divided by (12/7)/(b/(-154))?
4
Suppose 73*q - 332 = 1128. What is the remainder when 595 is divided by q?
15
Suppose -5*u = 16 - 21, 5*u + 43 = 4*j. Calculate the remainder when 2171 is divided by j.
11
Let w = -1 - -329. Suppose -6*k = -k + 5*p - 550, -4*p = 3*k - w. What is the remainder when k is divided by 15?
7
Suppose -149*i + 156*i - 18095 = 0. What is the remainder when i is divided by 144?
137
Suppose -4*c + 5*f + 402 = 0, -f + 293 = 5*c - 195. Calculate the remainder when c is divided by (-1 - -4)*((-208)/52 - (-2 - 7)).
8
Let g = -34 - -42. Let b = 63 - 60. Suppose 3*a - b*v - 246 = 0, 13 = 3*v + 1. What is the remainder when a is divided by g?
6
Let n = 4088 + -4052. What is the remainder when 460 is divided by n?
28
Suppose 27*r - 2*r = -88*r + 48590. What is the remainder when r is divided by 14?
10
Let k(f) = 235*f - 494*f - 6 + 199*f. Suppose 0*y + y = 2*p - 1, -11 = 3*p + y. What is the remainder when k(p) is divided by 29?
27
Calculate the remainder when 1012 is divided by -2*(-2)/(-6)*(1724/(-8) + -2).
142
Calculate the remainder when 5 + 1581 - (10 - 17) is divided by 123.
117
Let i(z) = -z**3 - z + 2. Let j be i(1). Suppose 518 = 37*u - j*u. What is the remainder when 41 is divided by u?
13
Suppose -1782 = 6*o - 9*o. Let g(j) = o + 65*j**2 + 5*j - 3*j - 591. What is the remainder when g(-1) is divided by 19?
9
Suppose -1803 = -5*n + 3*d, -2*d + 50 = 42. Calculate the remainder when n is divided by 26.
25
Suppose 47*p = -62*p + 2507. What is the remainder when 338 is divided by p?
16
Suppose -122*u + 11*u - 5466 = -29331. Let s(a) = 7*a - 2. Calculate the remainder when u is divided by s(2).
11
Calculate the remainder when 1710 is divided by 24/((18/(-405)*-9)/(24/45)).
14
Let n = 468 + -397. Let l(m) = -2*m**2 - m - 3. Let b be l(3). Let r = 42 + b. What is the remainder when n is divided by r?
17
Suppose 6*x + 214 - 1204 = 0. Let g = -156 + x. What is the remainder when 187 is divided by g?
7
Suppose 2*o = l + 109 + 212, 4*o + 4*l = 660. Let c be ((-40)/6 + 5)/((-1)/(-33)). Calculate the 